e factors of 587973?
3, 195991
List the prime factors of 7499566.
2, 19, 151, 1307
What are the prime factors of 6851027?
1427, 4801
What are the prime factors of 2179377?
3, 103, 2351
What are the prime factors of 1686874?
2, 7, 2459
List the prime factors of 797708.
2, 17, 11731
What are the prime factors of 57438?
2, 3, 3191
List the prime factors of 674055.
3, 5, 4993
What are the prime factors of 40882?
2, 20441
What are the prime factors of 425084?
2, 11, 9661
What are the prime factors of 4704846?
2, 3, 37, 21193
List the prime factors of 146346.
2, 3, 24391
What are the prime factors of 242394?
2, 3, 71, 569
List the prime factors of 10678882.
2, 59, 90499
What are the prime factors of 1031035?
5, 19, 10853
List the prime factors of 21062523.
3, 331, 21211
List the prime factors of 453960.
2, 3, 5, 13, 97
List the prime factors of 3585559.
37, 96907
List the prime factors of 507582.
2, 3, 163, 173
What are the prime factors of 1276952?
2, 19, 31, 271
What are the prime factors of 5645758?
2, 2822879
What are the prime factors of 3456237?
3, 1152079
What are the prime factors of 478092?
2, 3, 39841
What are the prime factors of 13224574?
2, 11, 54647
List the prime factors of 1017957.
3, 23, 14753
List the prime factors of 9629293.
17, 566429
What are the prime factors of 39949?
7, 13, 439
What are the prime factors of 124643?
124643
What are the prime factors of 35059?
35059
What are the prime factors of 1361705?
5, 272341
What are the prime factors of 215911?
71, 3041
What are the prime factors of 692371?
692371
What are the prime factors of 5848904?
2, 731113
What are the prime factors of 15017019?
3, 43, 116411
What are the prime factors of 1144973?
1144973
List the prime factors of 99193.
281, 353
List the prime factors of 195830.
2, 5, 19583
List the prime factors of 200651.
11, 17, 29, 37
List the prime factors of 133661.
11, 29, 419
List the prime factors of 138216.
2, 3, 13, 443
What are the prime factors of 64492?
2, 23, 701
What are the prime factors of 26073?
3, 2897
List the prime factors of 5672182.
2, 467, 6073
What are the prime factors of 2621844?
2, 3, 67, 1087
What are the prime factors of 310431?
3, 11, 23, 409
List the prime factors of 2114820.
2, 3, 5, 31, 379
What are the prime factors of 617810?
2, 5, 61781
List the prime factors of 69733.
137, 509
What are the prime factors of 454037?
43, 10559
What are the prime factors of 4646808?
2, 3, 71, 101
What are the prime factors of 523298?
2, 19, 47, 293
What are the prime factors of 1011878?
2, 7, 72277
What are the prime factors of 2373735?
3, 5, 7, 13, 37, 47
List the prime factors of 3725017.
3725017
List the prime factors of 435643.
13, 23, 31, 47
List the prime factors of 5471207.
7, 781601
List the prime factors of 929375.
5, 1487
List the prime factors of 1138702.
2, 431, 1321
What are the prime factors of 1032945?
3, 5, 68863
What are the prime factors of 93856?
2, 7, 419
What are the prime factors of 707322?
2, 3, 7, 11, 1531
List the prime factors of 35150.
2, 5, 19, 37
List the prime factors of 83063.
83063
List the prime factors of 12148087.
7, 19, 241, 379
List the prime factors of 3066255.
3, 5, 67, 113
What are the prime factors of 239003?
17, 827
What are the prime factors of 566814?
2, 3, 17, 5557
What are the prime factors of 16407317?
19, 37, 23339
List the prime factors of 2659266.
2, 3, 157, 941
List the prime factors of 2771946.
2, 3, 153997
List the prime factors of 1887159.
3, 107, 5879
What are the prime factors of 289217?
29, 9973
What are the prime factors of 10617548?
2, 2654387
List the prime factors of 437271.
3, 145757
What are the prime factors of 1055948?
2, 29, 9103
List the prime factors of 9711359.
7, 23, 1231
What are the prime factors of 16209689?
47, 344887
List the prime factors of 208886.
2, 19, 23, 239
List the prime factors of 10681423.
17, 628319
What are the prime factors of 406266?
2, 3, 7, 17, 569
What are the prime factors of 12994168?
2, 11, 147661
List the prime factors of 4006118.
2, 17, 29, 239
What are the prime factors of 9431?
9431
What are the prime factors of 1131504?
2, 3, 11, 2143
List the prime factors of 4153447.
4153447
What are the prime factors of 1261949?
13, 97073
What are the prime factors of 843365?
5, 168673
What are the prime factors of 164762?
2, 13, 6337
List the prime factors of 1656097.
19, 101, 863
What are the prime factors of 107209?
107209
List the prime factors of 15902554.
2, 107, 74311
What are the prime factors of 426432?
2, 3, 2221
What are the prime factors of 847889?
7, 59, 2053
List the prime factors of 508884.
2, 3, 42407
List the prime factors of 872190.
2, 3, 5, 11, 881
What are the prime factors of 2389549?
139, 17191
List the prime factors of 545687.
191, 2857
What are the prime factors of 14581195?
5, 23, 103, 1231
What are the prime factors of 30607584?
2, 3, 7, 37, 1231
What are the prime factors of 4071662?
2, 7, 19, 15307
What are the prime factors of 328149?
3, 19, 101
What are the prime factors of 7321?
7321
List the prime factors of 151499.
151499
List the prime factors of 6323437.
191, 33107
What are the prime factors of 540336?
2, 3, 11257
What are the prime factors of 2393138?
2, 11, 29, 31
List the prime factors of 4581768.
2, 3, 29, 227
List the prime factors of 88092.
2, 3, 2447
What are the prime factors of 7071478?
2, 3535739
List the prime factors of 304130.
2, 5, 17, 1789
List the prime factors of 95122.
2, 199, 239
What are the prime factors of 265407?
3, 88469
List the prime factors of 12972901.
12972901
List the prime factors of 417094.
2, 347, 601
List the prime factors of 12336696.
2, 3, 17, 10079
List the prime factors of 54233.
193, 281
List the prime factors of 1281353.
23, 55711
What are the prime factors of 2248772?
2, 562193
What are the prime factors of 16732579?
16732579
List the prime factors of 20447110.
2, 5, 41, 49871
List the prime factors of 1399857.
3, 466619
List the prime factors of 7106426.
2, 239, 14867
List the prime factors of 2843973.
3, 11, 23, 1249
List the prime factors of 19604121.
3, 31, 277, 761
What are the prime factors of 1086442?
2, 7, 71, 1093
What are the prime factors of 11849966?
2, 5924983
List the prime factors of 13260803.
19, 697937
List the prime factors of 1241973.
3, 19, 269
What are the prime factors of 226415?
5, 7, 6469
List the prime factors of 6135492.
2, 3, 11, 53, 877
What are the prime factors of 22754882?
2, 11377441
List the prime factors of 37546257.
3, 7, 499, 3583
What are the prime factors of 6362288?
2, 397643
What are the prime factors of 123667?
123667
List the prime factors of 788117.
11, 71647
List the prime factors of 9143309.
7, 71, 18397
List the prime factors of 2921928.
2, 3, 211, 577
List the prime factors of 1370982.
2, 3, 17, 13441
What are the prime factors of 3867871?
7, 552553
What are the prime factors of 191753?
337, 569
What are the prime factors of 1008029?
11, 91639
List the prime factors of 389865.
3, 5, 7, 47, 79
What are the prime factors of 783426?
2, 3, 7, 23, 811
What are the prime factors of 612976?
2, 7, 13, 421
What are the prime factors of 3133123?
7, 37, 12097
List the prime factors of 645965.
5, 129193
What are the prime factors of 25650679?
1459, 17581
List the prime factors of 642472.
2, 80309
List the prime factors of 17201014.
2, 151, 56957
What are the prime factors of 365475?
3, 5, 11, 443
What are the prime factors of 1220819?
1220819
List the prime factors of 748163.
13, 19, 233
What are the prime factors of 8239575?
3, 5, 61, 1801
List the prime factors of 85938.
2, 3, 14323
What are the prime factors of 360247?
17, 21191
List the prime factors of 327423.
3, 109141
What are the prime factors of 2190813?
3, 211, 3461
What are the prime factors of 32840?
2, 5, 821
List the prime factors of 1276999.
1276999
What are the prime factors of 2469043?
863, 2861
List the prime factors of 216441.
3, 24049
What are the prime factors of 2480014?
2, 1240007
List the prime factors of 6741486.
2, 3, 17, 22031
List the prime factors of 696890.
2, 5, 227, 307
List the prime factors of 3155769.
3, 31, 11311
List the prime factors of 10373835.
3, 5, 691589
List the prime factors of 281366.
2, 140683
List the prime factors of 1125923.
1125923
List the prime factors of 22614